00011?
-100101100000000000101
In base 4, what is -10 - 30321223301?
-30321223311
In base 10, what is 7791 - -1275?
9066
In base 12, what is 216 - -6b90a?
6bb24
In base 4, what is 312 + 1102123013?
1102123331
In base 4, what is -101212112130 - -10302?
-101212101222
In base 10, what is 91097738 + -4?
91097734
In base 12, what is -85 + 104aa9?
104a24
In base 4, what is -132 - -203130321?
203130123
In base 5, what is 102411 - 224?
102132
In base 10, what is -246385 + -55?
-246440
In base 14, what is -6331d9 - 2c?
-633227
In base 3, what is -2022 + -10112221222?
-10120001021
In base 11, what is -9a7a - 55?
-a024
In base 9, what is 0 - 52130047?
-52130047
In base 9, what is 1280 + 7138?
8428
In base 15, what is -1ce - 13a77?
-13c56
In base 12, what is -227 + -58b46?
-59171
In base 14, what is -34a + -9b67c?
-9b9c8
In base 4, what is 0 - -1211210232123?
1211210232123
In base 14, what is -20 + 151ad36?
151ad16
In base 14, what is -2 + -41641d?
-416421
In base 4, what is 121130 - -33033?
220223
In base 2, what is 1 + -1101100000100001110110110?
-1101100000100001110110101
In base 10, what is 544 + -5720?
-5176
In base 13, what is -14127a + 129?
-141151
In base 13, what is 46 + -b025?
-acac
In base 14, what is 17a - 1061?
-cc5
In base 4, what is 13200 + -132212013?
-132132213
In base 7, what is -50 + -1466206?
-1466256
In base 4, what is -11331021022102 - 22?
-11331021022130
In base 13, what is 244a6c2c3 - 4?
244a6c2bc
In base 15, what is -14c28 - -177?
-14aa1
In base 3, what is 0 - -21200011201020?
21200011201020
In base 14, what is b787 + 42?
b7c9
In base 3, what is 21200122122 - -21120?
21200221012
In base 12, what is -20a848 + -1?
-20a849
In base 13, what is 16b4a - 138?
16a12
In base 16, what is 570132 - 1?
570131
In base 12, what is -92aa + -13182?
-20470
In base 6, what is 45210330 + 10?
45210340
In base 11, what is -2427 + 19197?
16870
In base 7, what is 121104020 + -4?
121104013
In base 6, what is -12 + 32135431?
32135415
In base 7, what is 4 + -12362006?
-12362002
In base 15, what is 247a2 + 38?
247da
In base 5, what is 3 - -133141142134?
133141142142
In base 7, what is -2 + 44036124?
44036122
In base 3, what is 101010 + 1201220220?
1202022000
In base 12, what is -7 - -449889?
449882
In base 10, what is -14327614 - -1?
-14327613
In base 4, what is 130321211313 - -13?
130321211332
In base 9, what is -25307 - 37453?
-63761
In base 9, what is -2 + -27882315?
-27882317
In base 9, what is 2 + -52051355?
-52051353
In base 16, what is -6dbdef0 + -5?
-6dbdef5
In base 2, what is 11001011 + -11011001110011101000?
-11011001110000011101
In base 8, what is 704555 + 505?
705262
In base 7, what is 11 + -2214560635?
-2214560624
In base 4, what is -3031330 + 2320?
-3023010
In base 8, what is -1227 - 101724?
-103153
In base 5, what is -144311111412 + 24?
-144311111333
In base 7, what is -10013255 + -15?
-10013303
In base 5, what is 3 + -13124233034?
-13124233031
In base 13, what is 9a79 + -2c4?
9785
In base 12, what is -26430 + -404?
-26834
In base 9, what is -74128054 + -4?
-74128058
In base 11, what is 3821101 - -5?
3821106
In base 13, what is -1b59 + -18c?
-2018
In base 14, what is -8d1 - 185?
-a76
In base 11, what is 651 - -a2119?
a276a
In base 10, what is -4165534 - 150?
-4165684
In base 11, what is 81 + -343917?
-343846
In base 9, what is -87 - -16525400?
16525302
In base 15, what is -9b - -129a4a?
12999e
In base 14, what is -411 + -23bb3a?
-23c14b
In base 6, what is -3332054 - 114?
-3332212
In base 16, what is 153 + 9fe7?
a13a
In base 14, what is -104 + -74d83?
-75087
In base 11, what is -75860 - -644?
-75217
In base 15, what is 3414 + -10e?
3305
In base 5, what is -434130 - -30413?
-403212
In base 4, what is 123 - 102312200?
-102312011
In base 14, what is 3 + b178890?
b178893
In base 13, what is -389 + -42217?
-425a3
In base 8, what is -10 - -105635462?
105635452
In base 14, what is 19d486d65 + -5?
19d486d60
In base 14, what is -a875bc0 - -3?
-a875bbb
In base 6, what is 1 - 10413250044?
-10413250043
In base 2, what is 1010 - 1101000101101101000000?
-1101000101101100110110
In base 16, what is -eb3d60 + -1?
-eb3d61
In base 6, what is 13511122 - -55?
13511221
In base 12, what is 19931 - 67?
19886
In base 4, what is -101030111 + -1?
-101030112
In base 3, what is 101020001220010 + 1?
101020001220011
In base 10, what is -59 - 639084?
-639143
In base 15, what is 721b8 - 97?
72121
In base 15, what is 28d0cb + 61?
28d13c
In base 3, what is -202011111110 - -1011?
-202011110022
In base 6, what is -502 + -551314?
-552220
In base 11, what is 15190498 - -3?
151904a0
In base 12, what is 2b2a9b70 - 5?
2b2a9b67
In base 16, what is e7f3 + 1bc2?
103b5
In base 6, what is 5224155 + -123?
5224032
In base 15, what is -b16145 - 3?
-b16148
In base 14, what is 37738 + -b?
3772b
In base 5, what is -1 + -233034312?
-233034313
In base 9, what is 5 + -511672?
-511666
In base 7, what is -63053 - 10456?
-103542
In base 11, what is 3a72a84 - 45?
3a72a3a
In base 2, what is -100001101000111101111000 - 111?
-100001101000111101111111
In base 5, what is 114200041 + -31?
114200010
In base 9, what is -20 - -35360?
35340
In base 14, what is 725 - -72b5?
79da
In base 14, what is -3681b78 + -5?
-3681b7d
In base 15, what is 84a135 - -3?
84a138
In base 7, what is 141 - 155500341?
-155500200
In base 8, what is -1600374 - -174?
-1600200
In base 5, what is 101141 - -41034?
142230
In base 13, what is 143410 - -42b?
14383b
In base 15, what is 352 - -bb10?
be62
In base 9, what is 32232125 + -101?
32232024
In base 16, what is 9f4e + 4b?
9f99
In base 4, what is -32032123 - 3231200?
-101323323
In base 15, what is -48215 - 19?
-4822e
In base 2, what is 10 + 101001101000100010011001011?
101001101000100010011001101
In base 13, what is 88c9b8 - -23?
88ca0b
In base 15, what is -2ad2 + -261?
-2d43
In base 8, what is 744773 - 44?
744727
In base 5, what is -143343322 - -113?
-143343204
In base 14, what is -2ba546 + -11?
-2ba557
In base 15, what is -72 - 100b64?
-100bd6
In base 15, what is 10b0c + 174?
10c81
In base 6, what is 2203 + -1123150?
-1120543
In base 14, what is -a97 + 36670?
359b7
In base 7, what is -1204365301 + -2?
-1204365303
In base 2, what is -1110011001101011110 - -1000001?
-1110011001100011101
In base 3, what is -11112111012 - 2011012?
-11121122101
In base 5, what is 31 - 110230414404?
-110230414323
In base 10, what is -135 + 291344?
291209
In base 13, what is 411227c - 2?
411227a
In base 14, what is 57aa - -ac4?
6490
In base 5, what is 1 - 2023410014?
-2023410013
In base 2, what is 1001 + -100110001111101110111?
-100110001111101101110
In base 12, what is a - 1b5516?
-1b5508
In base 14, what is -2803c - -365?
-27ab7
In base 9, what is -5 - -5455584?
5455578
In base 6, what is 1214 + 12141050?
12142304
In base 7, what is 13511506 - -405?
13512214
In base 2, what is -10001100000101 + -101001110001?
-10110101110110
In base 7, what is 2633240064 + -3?
2633240061
In base 2, what is 100000110000101111101110000010 + -1?
100000110000101111101110000001
In base 9, what is 158644107 + 4?
158644112
In base 13, what is -c3b73ca - 4?
-c3b7401
In base 16, what is 1665 - 266?
13ff
In base 6, what is -4 + -333131004?
-333131012
In base 9, what is 106 - 185860?
-185753
In base 8, what is -313005742 + -3?
-313005745
In base 8, what is 30272340 + -5?
30272333
In base 3, what is 120002100 - 20112001?
22120022
In base 11, what is -193202679 - 2?
-193202680
In base 5, what is -344113220 + 10?
-344113210
In base 15, what is -4 + -6137cd?
-6137d2
In base 2, what is -1110011 + 11101000000110?
11100110010011
In base 3, what is -1000211101 - 121121?
-1001102222
In base 8, what is 565256 - -204?
565462
In base 16, what is 31ece4 + -2?
31ece2
In base 3, what is 2 - -10122021210100120?
10122021210100122
In base 8, what is -144012664 - -4?
-144012660
In base 9, what is 12011 + 1763?
13774
In base 6, what is 11054 + 2521?
14015
In base 2, what is -111 + 1110100101100100010010?
1110100101100100001011
In base 6, what is 3 - 12312020202?
-12312020155
In base 3, what is 2202102200 + -220220200?
1211112000
In base 6, what is -5300355 - -3150?
-5253205
In base 4, what is -2 - -12032220023223?
12032220023221
In base 4, what is -120020 + 1222?
-112132
In base 10, what is 31012212 - 0?
31012212
In base 3, what is 201221012220 - 2201?
